{"id":181,"date":"2023-11-26T00:16:35","date_gmt":"2023-11-26T00:16:35","guid":{"rendered":"https:\/\/labour.ec\/?page_id=181"},"modified":"2024-07-29T21:55:19","modified_gmt":"2024-07-30T02:55:19","slug":"contactenos","status":"publish","type":"page","link":"https:\/\/labour.ec\/index.php\/contactenos\/","title":{"rendered":"Contactenos"},"content":{"rendered":"<p>[et_pb_section fb_built=\u00bb1&#8243; _builder_version=\u00bb4.22.2&#8243; _module_preset=\u00bbdefault\u00bb global_colors_info=\u00bb{}\u00bb][et_pb_row _builder_version=\u00bb4.22.2&#8243; _module_preset=\u00bbdefault\u00bb background_image=\u00bbhttps:\/\/labour.ec\/wp-content\/uploads\/2023\/11\/mapa-complejo-desenfocado-pinpoint_BN.jpg\u00bb parallax=\u00bbon\u00bb custom_padding=\u00bb||57px|||\u00bb global_colors_info=\u00bb{}\u00bb][et_pb_column type=\u00bb4_4&#8243; _builder_version=\u00bb4.22.2&#8243; _module_preset=\u00bbdefault\u00bb global_colors_info=\u00bb{}\u00bb][et_pb_image src=\u00bbhttps:\/\/labour.ec\/wp-content\/uploads\/2023\/10\/cropped-Captura-de-Pantalla-2023-10-02-a-las-11.22.20.png\u00bb title_text=\u00bbcropped-Captura-de-Pantalla-2023-10-02-a-las-11.22.20.png\u00bb _builder_version=\u00bb4.22.2&#8243; _module_preset=\u00bbdefault\u00bb width=\u00bb14%\u00bb module_alignment=\u00bbleft\u00bb custom_margin=\u00bb50px|||||\u00bb animation_style=\u00bbslide\u00bb animation_direction=\u00bbtop\u00bb box_shadow_style=\u00bbpreset3&#8243; global_colors_info=\u00bb{}\u00bb][\/et_pb_image][\/et_pb_column][\/et_pb_row][et_pb_row column_structure=\u00bb1_2,1_2&#8243; _builder_version=\u00bb4.22.2&#8243; _module_preset=\u00bbdefault\u00bb custom_padding=\u00bb5px||5px|3px|false|false\u00bb global_colors_info=\u00bb{}\u00bb][et_pb_column type=\u00bb1_2&#8243; _builder_version=\u00bb4.22.2&#8243; _module_preset=\u00bbdefault\u00bb global_colors_info=\u00bb{}\u00bb][et_pb_text _builder_version=\u00bb4.22.2&#8243; _module_preset=\u00bbdefault\u00bb width=\u00bb99.2%\u00bb custom_margin=\u00bb15px||15px||false|false\u00bb custom_padding=\u00bb10px|15px|10px|15px|false|false\u00bb global_colors_info=\u00bb{}\u00bb]<\/p>\n<h1><strong>Cont\u00e1ctenos<\/strong><\/h1>\n<p>[\/et_pb_text][\/et_pb_column][et_pb_column type=\u00bb1_2&#8243; _builder_version=\u00bb4.22.2&#8243; _module_preset=\u00bbdefault\u00bb global_colors_info=\u00bb{}\u00bb][\/et_pb_column][\/et_pb_row][et_pb_row column_structure=\u00bb1_5,1_5,1_5,1_5,1_5&#8243; _builder_version=\u00bb4.22.2&#8243; _module_preset=\u00bbdefault\u00bb custom_padding=\u00bb15px||15px||false|false\u00bb global_colors_info=\u00bb{}\u00bb][et_pb_column type=\u00bb1_5&#8243; _builder_version=\u00bb4.22.2&#8243; _module_preset=\u00bbdefault\u00bb global_colors_info=\u00bb{}\u00bb][et_pb_text _builder_version=\u00bb4.22.2&#8243; _module_preset=\u00bbdefault\u00bb custom_margin=\u00bb5px|5px|5px|5px|false|false\u00bb custom_padding=\u00bb5px|5px|5px|5px|false|false\u00bb global_colors_info=\u00bb{}\u00bb]<\/p>\n<h1>Labour<br \/><strong>LAW<\/strong><\/h1>\n<p>[\/et_pb_text][et_pb_divider color=\u00bb#0e253e\u00bb _builder_version=\u00bb4.22.2&#8243; _module_preset=\u00bbdefault\u00bb custom_margin=\u00bb3px|3px|3px|3px|false|false\u00bb custom_padding=\u00bb3px|3px|3px|3px|false|false\u00bb global_colors_info=\u00bb{}\u00bb][\/et_pb_divider][et_pb_icon font_icon=\u00bb&#xf3c5;||fa||900&#8243; icon_color=\u00bb#00aeec\u00bb icon_width=\u00bb58px\u00bb align=\u00bbleft\u00bb _builder_version=\u00bb4.22.2&#8243; _module_preset=\u00bbdefault\u00bb custom_padding=\u00bb5px|15px|4px|15px|false|false\u00bb global_colors_info=\u00bb{}\u00bb][\/et_pb_icon][et_pb_text _builder_version=\u00bb4.22.2&#8243; _module_preset=\u00bbdefault\u00bb width=\u00bb88.2%\u00bb custom_margin=\u00bb||||false|false\u00bb custom_padding=\u00bb5px|15px|5px|15px|false|false\u00bb global_colors_info=\u00bb{}\u00bb]<\/p>\n<h4><strong>Direcci\u00f3n:<\/strong><br \/>10 de Agosto y Malec\u00f3n, Edif. Valra piso 6 oficina 3.<br \/>Guayaquil &#8211; Ecuador.<\/h4>\n<p>[\/et_pb_text][et_pb_divider color=\u00bb#0e253e\u00bb _builder_version=\u00bb4.22.2&#8243; _module_preset=\u00bbdefault\u00bb custom_margin=\u00bb3px|3px|3px|3px|false|false\u00bb custom_padding=\u00bb3px|3px|3px|3px|false|false\u00bb global_colors_info=\u00bb{}\u00bb][\/et_pb_divider][et_pb_icon font_icon=\u00bb&#xe090;||divi||400&#8243; icon_color=\u00bb#00aeec\u00bb icon_width=\u00bb58px\u00bb align=\u00bbleft\u00bb _builder_version=\u00bb4.22.2&#8243; _module_preset=\u00bbdefault\u00bb custom_padding=\u00bb5px|15px|4px|15px|false|false\u00bb global_colors_info=\u00bb{}\u00bb][\/et_pb_icon][et_pb_text _builder_version=\u00bb4.22.2&#8243; _module_preset=\u00bbdefault\u00bb width=\u00bb88.2%\u00bb custom_margin=\u00bb||||false|false\u00bb custom_padding=\u00bb5px|15px|5px|15px|false|false\u00bb global_colors_info=\u00bb{}\u00bb]<\/p>\n<h4><strong>Tel\u00e9fono:<\/strong><br \/>(593) 4 2321 180<\/h4>\n<p>[\/et_pb_text][et_pb_divider color=\u00bb#0e253e\u00bb _builder_version=\u00bb4.22.2&#8243; _module_preset=\u00bbdefault\u00bb custom_margin=\u00bb3px|3px|3px|3px|false|false\u00bb custom_padding=\u00bb3px|3px|3px|3px|false|false\u00bb global_colors_info=\u00bb{}\u00bb][\/et_pb_divider][et_pb_icon font_icon=\u00bb&#xf10b;||fa||900&#8243; icon_color=\u00bb#00aeec\u00bb icon_width=\u00bb58px\u00bb align=\u00bbleft\u00bb _builder_version=\u00bb4.22.2&#8243; _module_preset=\u00bbdefault\u00bb custom_padding=\u00bb5px|15px|4px|15px|false|false\u00bb global_colors_info=\u00bb{}\u00bb][\/et_pb_icon][et_pb_text _builder_version=\u00bb4.22.2&#8243; _module_preset=\u00bbdefault\u00bb width=\u00bb88.2%\u00bb custom_margin=\u00bb||||false|false\u00bb custom_padding=\u00bb5px|15px|5px|15px|false|false\u00bb global_colors_info=\u00bb{}\u00bb]<\/p>\n<h4><strong>Celular:<\/strong><br \/>09 985 67347<\/h4>\n<p>[\/et_pb_text][et_pb_divider color=\u00bb#0e253e\u00bb _builder_version=\u00bb4.22.2&#8243; _module_preset=\u00bbdefault\u00bb custom_margin=\u00bb3px|3px|3px|3px|false|false\u00bb custom_padding=\u00bb3px|3px|3px|3px|false|false\u00bb global_colors_info=\u00bb{}\u00bb][\/et_pb_divider][et_pb_icon font_icon=\u00bb&#xe076;||divi||400&#8243; icon_color=\u00bb#00aeec\u00bb icon_width=\u00bb58px\u00bb align=\u00bbleft\u00bb _builder_version=\u00bb4.22.2&#8243; _module_preset=\u00bbdefault\u00bb custom_padding=\u00bb5px|15px|4px|15px|false|false\u00bb global_colors_info=\u00bb{}\u00bb][\/et_pb_icon][et_pb_text _builder_version=\u00bb4.22.2&#8243; _module_preset=\u00bbdefault\u00bb width=\u00bb88.2%\u00bb custom_margin=\u00bb||||false|false\u00bb custom_padding=\u00bb5px|15px|5px|15px|false|false\u00bb global_colors_info=\u00bb{}\u00bb]<\/p>\n<h4><strong>Mail<\/strong>:<br \/><a href=\"mailto:%20info@labour.ec\" target=\"_blank\" rel=\"noopener\">info@labour.ec<\/a><\/h4>\n<p>[\/et_pb_text][\/et_pb_column][et_pb_column type=\u00bb1_5&#8243; _builder_version=\u00bb4.22.2&#8243; _module_preset=\u00bbdefault\u00bb global_colors_info=\u00bb{}\u00bb][et_pb_text _builder_version=\u00bb4.22.2&#8243; _module_preset=\u00bbdefault\u00bb custom_margin=\u00bb5px|5px|5px|5px|false|false\u00bb custom_padding=\u00bb5px|5px|5px|5px|false|false\u00bb global_colors_info=\u00bb{}\u00bb]<\/p>\n<h1>Labour<br \/><strong>SST<\/strong><\/h1>\n<p>[\/et_pb_text][et_pb_divider color=\u00bb#0e253e\u00bb _builder_version=\u00bb4.22.2&#8243; _module_preset=\u00bbdefault\u00bb custom_margin=\u00bb3px|3px|3px|3px|false|false\u00bb custom_padding=\u00bb3px|3px|3px|3px|false|false\u00bb global_colors_info=\u00bb{}\u00bb][\/et_pb_divider][et_pb_icon font_icon=\u00bb&#xf3c5;||fa||900&#8243; icon_color=\u00bb#e4a330&#8243; icon_width=\u00bb58px\u00bb align=\u00bbleft\u00bb _builder_version=\u00bb4.22.2&#8243; _module_preset=\u00bbdefault\u00bb custom_padding=\u00bb5px|15px|4px|15px|false|false\u00bb global_colors_info=\u00bb{}\u00bb][\/et_pb_icon][et_pb_text _builder_version=\u00bb4.22.2&#8243; _module_preset=\u00bbdefault\u00bb width=\u00bb88.2%\u00bb custom_margin=\u00bb||||false|false\u00bb custom_padding=\u00bb5px|15px|5px|15px|false|false\u00bb global_colors_info=\u00bb{}\u00bb]<\/p>\n<h4><strong>Direcci\u00f3n:<\/strong><br \/>10 de Agosto y Malec\u00f3n, Edif. Valra piso 6 oficina 3.<br \/>Guayaquil &#8211; Ecuador.<\/h4>\n<p>[\/et_pb_text][et_pb_divider color=\u00bb#0e253e\u00bb _builder_version=\u00bb4.22.2&#8243; _module_preset=\u00bbdefault\u00bb custom_margin=\u00bb3px|3px|3px|3px|false|false\u00bb custom_padding=\u00bb3px|3px|3px|3px|false|false\u00bb global_colors_info=\u00bb{}\u00bb][\/et_pb_divider][et_pb_icon font_icon=\u00bb&#xe090;||divi||400&#8243; icon_color=\u00bb#e4a330&#8243; icon_width=\u00bb58px\u00bb align=\u00bbleft\u00bb _builder_version=\u00bb4.22.2&#8243; _module_preset=\u00bbdefault\u00bb custom_padding=\u00bb5px|15px|4px|15px|false|false\u00bb global_colors_info=\u00bb{}\u00bb][\/et_pb_icon][et_pb_text _builder_version=\u00bb4.22.2&#8243; _module_preset=\u00bbdefault\u00bb width=\u00bb88.2%\u00bb custom_margin=\u00bb||||false|false\u00bb custom_padding=\u00bb5px|15px|5px|15px|false|false\u00bb global_colors_info=\u00bb{}\u00bb]<\/p>\n<h4><strong>Tel\u00e9fono:<\/strong><br \/>(593) 4 2321 180<\/h4>\n<p>[\/et_pb_text][et_pb_divider color=\u00bb#0e253e\u00bb _builder_version=\u00bb4.22.2&#8243; _module_preset=\u00bbdefault\u00bb custom_margin=\u00bb3px|3px|3px|3px|false|false\u00bb custom_padding=\u00bb3px|3px|3px|3px|false|false\u00bb global_colors_info=\u00bb{}\u00bb][\/et_pb_divider][et_pb_icon font_icon=\u00bb&#xf10b;||fa||900&#8243; icon_color=\u00bb#e4a330&#8243; icon_width=\u00bb58px\u00bb align=\u00bbleft\u00bb _builder_version=\u00bb4.22.2&#8243; _module_preset=\u00bbdefault\u00bb custom_padding=\u00bb5px|15px|4px|15px|false|false\u00bb global_colors_info=\u00bb{}\u00bb][\/et_pb_icon][et_pb_text _builder_version=\u00bb4.22.2&#8243; _module_preset=\u00bbdefault\u00bb width=\u00bb88.2%\u00bb custom_margin=\u00bb||||false|false\u00bb custom_padding=\u00bb5px|15px|5px|15px|false|false\u00bb global_colors_info=\u00bb{}\u00bb]<\/p>\n<h4><strong>Celular:<\/strong><br \/>09 985 67347<\/h4>\n<p>[\/et_pb_text][et_pb_divider color=\u00bb#0e253e\u00bb _builder_version=\u00bb4.22.2&#8243; _module_preset=\u00bbdefault\u00bb custom_margin=\u00bb3px|3px|3px|3px|false|false\u00bb custom_padding=\u00bb3px|3px|3px|3px|false|false\u00bb global_colors_info=\u00bb{}\u00bb][\/et_pb_divider][et_pb_icon font_icon=\u00bb&#xe076;||divi||400&#8243; icon_color=\u00bb#e4a330&#8243; icon_width=\u00bb58px\u00bb align=\u00bbleft\u00bb _builder_version=\u00bb4.22.2&#8243; _module_preset=\u00bbdefault\u00bb custom_padding=\u00bb5px|15px|4px|15px|false|false\u00bb global_colors_info=\u00bb{}\u00bb][\/et_pb_icon][et_pb_text _builder_version=\u00bb4.22.2&#8243; _module_preset=\u00bbdefault\u00bb width=\u00bb88.2%\u00bb custom_margin=\u00bb||||false|false\u00bb custom_padding=\u00bb5px|15px|5px|15px|false|false\u00bb global_colors_info=\u00bb{}\u00bb]<\/p>\n<h4><strong>Mail<\/strong>:<br \/><a href=\"mailto:%20info@labour.ec\" target=\"_blank\" rel=\"noopener\">info@labour.ec<\/a><\/h4>\n<p>[\/et_pb_text][\/et_pb_column][et_pb_column type=\u00bb1_5&#8243; _builder_version=\u00bb4.22.2&#8243; _module_preset=\u00bbdefault\u00bb global_colors_info=\u00bb{}\u00bb][et_pb_text _builder_version=\u00bb4.22.2&#8243; _module_preset=\u00bbdefault\u00bb custom_margin=\u00bb5px|5px|5px|5px|false|false\u00bb custom_padding=\u00bb5px|5px|5px|5px|false|false\u00bb global_colors_info=\u00bb{}\u00bb]<\/p>\n<h1>Labour<br \/><strong>SSO<\/strong><\/h1>\n<p>[\/et_pb_text][et_pb_divider color=\u00bb#0e253e\u00bb _builder_version=\u00bb4.22.2&#8243; _module_preset=\u00bbdefault\u00bb custom_margin=\u00bb3px|3px|3px|3px|false|false\u00bb custom_padding=\u00bb3px|3px|3px|3px|false|false\u00bb global_colors_info=\u00bb{}\u00bb][\/et_pb_divider][et_pb_icon font_icon=\u00bb&#xf3c5;||fa||900&#8243; icon_color=\u00bb#2da474&#8243; icon_width=\u00bb58px\u00bb align=\u00bbleft\u00bb _builder_version=\u00bb4.22.2&#8243; _module_preset=\u00bbdefault\u00bb custom_padding=\u00bb5px|15px|4px|15px|false|false\u00bb global_colors_info=\u00bb{}\u00bb][\/et_pb_icon][et_pb_text _builder_version=\u00bb4.22.2&#8243; _module_preset=\u00bbdefault\u00bb width=\u00bb88.2%\u00bb custom_margin=\u00bb||||false|false\u00bb custom_padding=\u00bb5px|15px|5px|15px|false|false\u00bb global_colors_info=\u00bb{}\u00bb min_height=\u00bb147px\u00bb]<\/p>\n<h4><strong>Direcci\u00f3n:<\/strong><br \/>Almax Center &#8211; Mz \u00abA\u00bb Local 10<\/h4>\n<p>[\/et_pb_text][et_pb_divider color=\u00bb#0e253e\u00bb _builder_version=\u00bb4.22.2&#8243; _module_preset=\u00bbdefault\u00bb custom_margin=\u00bb3px|3px|3px|3px|false|false\u00bb custom_padding=\u00bb3px|3px|3px|3px|false|false\u00bb global_colors_info=\u00bb{}\u00bb][\/et_pb_divider][et_pb_icon font_icon=\u00bb&#xe090;||divi||400&#8243; icon_color=\u00bb#2da474&#8243; icon_width=\u00bb58px\u00bb align=\u00bbleft\u00bb _builder_version=\u00bb4.22.2&#8243; _module_preset=\u00bbdefault\u00bb custom_padding=\u00bb5px|15px|4px|15px|false|false\u00bb global_colors_info=\u00bb{}\u00bb][\/et_pb_icon][et_pb_text _builder_version=\u00bb4.22.2&#8243; _module_preset=\u00bbdefault\u00bb width=\u00bb88.2%\u00bb custom_margin=\u00bb||19px||false|false\u00bb custom_padding=\u00bb5px|15px|0px|15px|false|false\u00bb hover_enabled=\u00bb0&#8243; global_colors_info=\u00bb{}\u00bb min_height=\u00bb62px\u00bb sticky_enabled=\u00bb0&#8243;]<\/p>\n<h4><strong>Tel\u00e9fono:<br \/><\/strong>093 910 6534<br \/>098 911 9043<\/h4>\n<p>[\/et_pb_text][et_pb_divider color=\u00bb#0e253e\u00bb _builder_version=\u00bb4.22.2&#8243; _module_preset=\u00bbdefault\u00bb custom_margin=\u00bb3px|3px|3px|3px|false|false\u00bb custom_padding=\u00bb0px|3px|3px|3px|false|false\u00bb hover_enabled=\u00bb0&#8243; global_colors_info=\u00bb{}\u00bb sticky_enabled=\u00bb0&#8243;][\/et_pb_divider][et_pb_icon font_icon=\u00bb&#xf10b;||fa||900&#8243; icon_color=\u00bb#2da474&#8243; icon_width=\u00bb58px\u00bb align=\u00bbleft\u00bb _builder_version=\u00bb4.22.2&#8243; _module_preset=\u00bbdefault\u00bb custom_padding=\u00bb5px|15px|4px|15px|false|false\u00bb global_colors_info=\u00bb{}\u00bb][\/et_pb_icon][et_pb_text _builder_version=\u00bb4.22.2&#8243; _module_preset=\u00bbdefault\u00bb width=\u00bb88.2%\u00bb custom_margin=\u00bb||||false|false\u00bb custom_padding=\u00bb5px|15px|5px|15px|false|false\u00bb global_colors_info=\u00bb{}\u00bb]<\/p>\n<h4><strong>Celular:<\/strong><br \/>09 856 20823<\/h4>\n<p>[\/et_pb_text][et_pb_divider color=\u00bb#0e253e\u00bb _builder_version=\u00bb4.22.2&#8243; _module_preset=\u00bbdefault\u00bb custom_margin=\u00bb3px|3px|3px|3px|false|false\u00bb custom_padding=\u00bb3px|3px|3px|3px|false|false\u00bb global_colors_info=\u00bb{}\u00bb][\/et_pb_divider][et_pb_icon font_icon=\u00bb&#xe076;||divi||400&#8243; icon_color=\u00bb#2da474&#8243; icon_width=\u00bb58px\u00bb align=\u00bbleft\u00bb _builder_version=\u00bb4.22.2&#8243; _module_preset=\u00bbdefault\u00bb custom_padding=\u00bb5px|15px|4px|15px|false|false\u00bb global_colors_info=\u00bb{}\u00bb][\/et_pb_icon][et_pb_text _builder_version=\u00bb4.22.2&#8243; _module_preset=\u00bbdefault\u00bb width=\u00bb88.2%\u00bb custom_margin=\u00bb||||false|false\u00bb custom_padding=\u00bb5px|15px|5px|15px|false|false\u00bb global_colors_info=\u00bb{}\u00bb]<\/p>\n<h4><strong>Mail<\/strong>:<br \/><a href=\"mailto:%20info@labour.ec\" target=\"_blank\" rel=\"noopener\">info@labour.ec<\/a><\/h4>\n<p>[\/et_pb_text][\/et_pb_column][et_pb_column type=\u00bb1_5&#8243; _builder_version=\u00bb4.22.2&#8243; _module_preset=\u00bbdefault\u00bb global_colors_info=\u00bb{}\u00bb][et_pb_text _builder_version=\u00bb4.22.2&#8243; _module_preset=\u00bbdefault\u00bb custom_margin=\u00bb5px|5px|5px|5px|false|false\u00bb custom_padding=\u00bb5px|5px|5px|5px|false|false\u00bb global_colors_info=\u00bb{}\u00bb]<\/p>\n<h1>Labour<br \/><strong>H&amp;R<\/strong><\/h1>\n<p>[\/et_pb_text][et_pb_divider color=\u00bb#0e253e\u00bb _builder_version=\u00bb4.22.2&#8243; _module_preset=\u00bbdefault\u00bb custom_margin=\u00bb3px|3px|3px|3px|false|false\u00bb custom_padding=\u00bb3px|3px|3px|3px|false|false\u00bb global_colors_info=\u00bb{}\u00bb][\/et_pb_divider][et_pb_icon font_icon=\u00bb&#xf3c5;||fa||900&#8243; icon_color=\u00bb#c01080&#8243; icon_width=\u00bb58px\u00bb align=\u00bbleft\u00bb _builder_version=\u00bb4.22.2&#8243; _module_preset=\u00bbdefault\u00bb custom_padding=\u00bb5px|15px|4px|15px|false|false\u00bb global_colors_info=\u00bb{}\u00bb][\/et_pb_icon][et_pb_text _builder_version=\u00bb4.22.2&#8243; _module_preset=\u00bbdefault\u00bb width=\u00bb88.2%\u00bb custom_margin=\u00bb||||false|false\u00bb custom_padding=\u00bb5px|15px|5px|15px|false|false\u00bb global_colors_info=\u00bb{}\u00bb]<\/p>\n<h4><strong>Direcci\u00f3n:<\/strong><br \/>10 de Agosto y Malec\u00f3n, Edif. Valra piso 6 oficina 3.<br \/>Guayaquil &#8211; Ecuador.<\/h4>\n<p>[\/et_pb_text][et_pb_divider color=\u00bb#0e253e\u00bb _builder_version=\u00bb4.22.2&#8243; _module_preset=\u00bbdefault\u00bb custom_margin=\u00bb3px|3px|3px|3px|false|false\u00bb custom_padding=\u00bb3px|3px|3px|3px|false|false\u00bb global_colors_info=\u00bb{}\u00bb][\/et_pb_divider][et_pb_icon font_icon=\u00bb&#xe090;||divi||400&#8243; icon_color=\u00bb#c01080&#8243; icon_width=\u00bb58px\u00bb align=\u00bbleft\u00bb _builder_version=\u00bb4.22.2&#8243; _module_preset=\u00bbdefault\u00bb custom_padding=\u00bb5px|15px|4px|15px|false|false\u00bb global_colors_info=\u00bb{}\u00bb][\/et_pb_icon][et_pb_text _builder_version=\u00bb4.22.2&#8243; _module_preset=\u00bbdefault\u00bb width=\u00bb88.2%\u00bb custom_margin=\u00bb||||false|false\u00bb custom_padding=\u00bb5px|15px|5px|15px|false|false\u00bb global_colors_info=\u00bb{}\u00bb]<\/p>\n<h4><strong>Tel\u00e9fono:<\/strong><br \/>(593) 4 2321 180<\/h4>\n<p>[\/et_pb_text][et_pb_divider color=\u00bb#0e253e\u00bb _builder_version=\u00bb4.22.2&#8243; _module_preset=\u00bbdefault\u00bb custom_margin=\u00bb3px|3px|3px|3px|false|false\u00bb custom_padding=\u00bb3px|3px|3px|3px|false|false\u00bb global_colors_info=\u00bb{}\u00bb][\/et_pb_divider][et_pb_icon font_icon=\u00bb&#xf10b;||fa||900&#8243; icon_color=\u00bb#c01080&#8243; icon_width=\u00bb58px\u00bb align=\u00bbleft\u00bb _builder_version=\u00bb4.22.2&#8243; _module_preset=\u00bbdefault\u00bb custom_padding=\u00bb5px|15px|4px|15px|false|false\u00bb global_colors_info=\u00bb{}\u00bb][\/et_pb_icon][et_pb_text _builder_version=\u00bb4.22.2&#8243; _module_preset=\u00bbdefault\u00bb width=\u00bb88.2%\u00bb custom_margin=\u00bb||||false|false\u00bb custom_padding=\u00bb5px|15px|5px|15px|false|false\u00bb global_colors_info=\u00bb{}\u00bb]<\/p>\n<h4><strong>Celular:<\/strong><br \/>09 985 67347<\/h4>\n<p>[\/et_pb_text][et_pb_divider color=\u00bb#0e253e\u00bb _builder_version=\u00bb4.22.2&#8243; _module_preset=\u00bbdefault\u00bb custom_margin=\u00bb3px|3px|3px|3px|false|false\u00bb custom_padding=\u00bb3px|3px|3px|3px|false|false\u00bb global_colors_info=\u00bb{}\u00bb][\/et_pb_divider][et_pb_icon font_icon=\u00bb&#xe076;||divi||400&#8243; icon_color=\u00bb#c01080&#8243; icon_width=\u00bb58px\u00bb align=\u00bbleft\u00bb _builder_version=\u00bb4.22.2&#8243; _module_preset=\u00bbdefault\u00bb custom_padding=\u00bb5px|15px|4px|15px|false|false\u00bb global_colors_info=\u00bb{}\u00bb][\/et_pb_icon][et_pb_text _builder_version=\u00bb4.22.2&#8243; _module_preset=\u00bbdefault\u00bb width=\u00bb88.2%\u00bb custom_margin=\u00bb||||false|false\u00bb custom_padding=\u00bb5px|15px|5px|15px|false|false\u00bb global_colors_info=\u00bb{}\u00bb]<\/p>\n<h4><strong>Mail<\/strong>:<br \/><a href=\"mailto:%20info@labour.ec\" target=\"_blank\" rel=\"noopener\">info@labour.ec<\/a><\/h4>\n<p>[\/et_pb_text][\/et_pb_column][et_pb_column type=\u00bb1_5&#8243; _builder_version=\u00bb4.22.2&#8243; _module_preset=\u00bbdefault\u00bb global_colors_info=\u00bb{}\u00bb][et_pb_text _builder_version=\u00bb4.22.2&#8243; _module_preset=\u00bbdefault\u00bb custom_margin=\u00bb5px|5px|5px|5px|false|false\u00bb custom_padding=\u00bb5px|5px|5px|5px|false|false\u00bb global_colors_info=\u00bb{}\u00bb]<\/p>\n<h1>Labour <strong>Academy<\/strong><\/h1>\n<p>[\/et_pb_text][et_pb_divider color=\u00bb#0e253e\u00bb _builder_version=\u00bb4.22.2&#8243; _module_preset=\u00bbdefault\u00bb custom_margin=\u00bb3px|3px|3px|3px|false|false\u00bb custom_padding=\u00bb3px|3px|3px|3px|false|false\u00bb global_colors_info=\u00bb{}\u00bb][\/et_pb_divider][et_pb_icon font_icon=\u00bb&#xf3c5;||fa||900&#8243; icon_color=\u00bb#fff12d\u00bb icon_width=\u00bb58px\u00bb align=\u00bbleft\u00bb _builder_version=\u00bb4.22.2&#8243; _module_preset=\u00bbdefault\u00bb custom_padding=\u00bb5px|15px|4px|15px|false|false\u00bb global_colors_info=\u00bb{}\u00bb][\/et_pb_icon][et_pb_text _builder_version=\u00bb4.22.2&#8243; _module_preset=\u00bbdefault\u00bb width=\u00bb88.2%\u00bb custom_margin=\u00bb||||false|false\u00bb custom_padding=\u00bb5px|15px|5px|15px|false|false\u00bb global_colors_info=\u00bb{}\u00bb]<\/p>\n<h4><strong>Direcci\u00f3n:<\/strong><br \/>10 de Agosto y Malec\u00f3n, Edif. Valra piso 6 oficina 3.<br \/>Guayaquil &#8211; Ecuador.<\/h4>\n<p>[\/et_pb_text][et_pb_divider color=\u00bb#0e253e\u00bb _builder_version=\u00bb4.22.2&#8243; _module_preset=\u00bbdefault\u00bb custom_margin=\u00bb3px|3px|3px|3px|false|false\u00bb custom_padding=\u00bb3px|3px|3px|3px|false|false\u00bb global_colors_info=\u00bb{}\u00bb][\/et_pb_divider][et_pb_icon font_icon=\u00bb&#xe090;||divi||400&#8243; icon_color=\u00bb#fff12d\u00bb icon_width=\u00bb58px\u00bb align=\u00bbleft\u00bb _builder_version=\u00bb4.22.2&#8243; _module_preset=\u00bbdefault\u00bb custom_padding=\u00bb5px|15px|4px|15px|false|false\u00bb global_colors_info=\u00bb{}\u00bb][\/et_pb_icon][et_pb_text _builder_version=\u00bb4.22.2&#8243; _module_preset=\u00bbdefault\u00bb width=\u00bb88.2%\u00bb custom_margin=\u00bb||||false|false\u00bb custom_padding=\u00bb5px|15px|5px|15px|false|false\u00bb global_colors_info=\u00bb{}\u00bb]<\/p>\n<h4><strong>Tel\u00e9fono:<\/strong><br \/>(593) 4 2321 180<\/h4>\n<p>[\/et_pb_text][et_pb_divider color=\u00bb#0e253e\u00bb _builder_version=\u00bb4.22.2&#8243; _module_preset=\u00bbdefault\u00bb custom_margin=\u00bb3px|3px|3px|3px|false|false\u00bb custom_padding=\u00bb3px|3px|3px|3px|false|false\u00bb global_colors_info=\u00bb{}\u00bb][\/et_pb_divider][et_pb_icon font_icon=\u00bb&#xf10b;||fa||900&#8243; icon_color=\u00bb#fff12d\u00bb icon_width=\u00bb58px\u00bb align=\u00bbleft\u00bb _builder_version=\u00bb4.22.2&#8243; _module_preset=\u00bbdefault\u00bb custom_padding=\u00bb5px|15px|4px|15px|false|false\u00bb global_colors_info=\u00bb{}\u00bb][\/et_pb_icon][et_pb_text _builder_version=\u00bb4.22.2&#8243; _module_preset=\u00bbdefault\u00bb width=\u00bb88.2%\u00bb custom_margin=\u00bb||||false|false\u00bb custom_padding=\u00bb5px|15px|5px|15px|false|false\u00bb global_colors_info=\u00bb{}\u00bb]<\/p>\n<h4><strong>Celular:<\/strong><br \/>09 985 67347<\/h4>\n<p>[\/et_pb_text][et_pb_divider color=\u00bb#0e253e\u00bb _builder_version=\u00bb4.22.2&#8243; _module_preset=\u00bbdefault\u00bb custom_margin=\u00bb3px|3px|3px|3px|false|false\u00bb custom_padding=\u00bb3px|3px|3px|3px|false|false\u00bb global_colors_info=\u00bb{}\u00bb][\/et_pb_divider][et_pb_icon font_icon=\u00bb&#xe076;||divi||400&#8243; icon_color=\u00bb#fff12d\u00bb icon_width=\u00bb58px\u00bb align=\u00bbleft\u00bb _builder_version=\u00bb4.22.2&#8243; _module_preset=\u00bbdefault\u00bb custom_padding=\u00bb5px|15px|4px|15px|false|false\u00bb global_colors_info=\u00bb{}\u00bb][\/et_pb_icon][et_pb_text _builder_version=\u00bb4.22.2&#8243; _module_preset=\u00bbdefault\u00bb width=\u00bb88.2%\u00bb custom_margin=\u00bb||||false|false\u00bb custom_padding=\u00bb5px|15px|5px|15px|false|false\u00bb global_colors_info=\u00bb{}\u00bb]<\/p>\n<h4><strong>Mail<\/strong>:<br \/><a href=\"mailto:%20info@labour.ec\" target=\"_blank\" rel=\"noopener\">info@labour.ec<\/a><\/h4>\n<p>[\/et_pb_text][\/et_pb_column][\/et_pb_row][\/et_pb_section]<\/p>\n","protected":false},"excerpt":{"rendered":"<p>Cont\u00e1ctenosLabourLAWDirecci\u00f3n:10 de Agosto y Malec\u00f3n, Edif. Valra piso 6 oficina 3.Guayaquil &#8211; Ecuador.Tel\u00e9fono:(593) 4 2321 180Celular:09 985 67347Mail:info@labour.ecLabourSSTDirecci\u00f3n:10 de Agosto y Malec\u00f3n, Edif. Valra piso 6 oficina 3.Guayaquil &#8211; Ecuador.Tel\u00e9fono:(593) 4 2321 180Celular:09 985 67347Mail:info@labour.ecLabourSSODirecci\u00f3n:Almax Center &#8211; Mz \u00abA\u00bb Local 10Tel\u00e9fono:093 910 6534098 911 9043Celular:09 856 20823Mail:info@labour.ecLabourH&amp;RDirecci\u00f3n:10 de Agosto y Malec\u00f3n, Edif. Valra piso 6 [&hellip;]<\/p>\n","protected":false},"author":1,"featured_media":0,"parent":0,"menu_order":0,"comment_status":"closed","ping_status":"closed","template":"","meta":{"_et_pb_use_builder":"on","_et_pb_old_content":"","_et_gb_content_width":"","footnotes":""},"class_list":["post-181","page","type-page","status-publish","hentry"],"_links":{"self":[{"href":"https:\/\/labour.ec\/index.php\/wp-json\/wp\/v2\/pages\/181","targetHints":{"allow":["GET"]}}],"collection":[{"href":"https:\/\/labour.ec\/index.php\/wp-json\/wp\/v2\/pages"}],"about":[{"href":"https:\/\/labour.ec\/index.php\/wp-json\/wp\/v2\/types\/page"}],"author":[{"embeddable":true,"href":"https:\/\/labour.ec\/index.php\/wp-json\/wp\/v2\/users\/1"}],"replies":[{"embeddable":true,"href":"https:\/\/labour.ec\/index.php\/wp-json\/wp\/v2\/comments?post=181"}],"version-history":[{"count":20,"href":"https:\/\/labour.ec\/index.php\/wp-json\/wp\/v2\/pages\/181\/revisions"}],"predecessor-version":[{"id":365,"href":"https:\/\/labour.ec\/index.php\/wp-json\/wp\/v2\/pages\/181\/revisions\/365"}],"wp:attachment":[{"href":"https:\/\/labour.ec\/index.php\/wp-json\/wp\/v2\/media?parent=181"}],"curies":[{"name":"wp","href":"https:\/\/api.w.org\/{rel}","templated":true}]}}